{"id":55,"date":"2025-10-22T11:04:09","date_gmt":"2025-10-22T09:04:09","guid":{"rendered":"https:\/\/www.closwahagnies-handball.fr\/new\/?page_id=55"},"modified":"2025-12-20T13:21:09","modified_gmt":"2025-12-20T12:21:09","slug":"le-bureau","status":"publish","type":"page","link":"https:\/\/closwahagnies-handball.fr\/?page_id=55","title":{"rendered":"Le Bureau"},"content":{"rendered":"\n<p>Pr\u00e9sident&nbsp;: Jean-Claude GOGNEAUX<br>Vice-Pr\u00e9sident&nbsp;: Pascal BROY<br><br>Secr\u00e9taire&nbsp;: C\u00e9dric LECLERCQ<br>Secr\u00e9taire Adjoint&nbsp;: Jo\u00ebl MATUSAZK<br><br>Tr\u00e9sorier&nbsp;: Rudy VANHAECKE<br>Tr\u00e9sorier-Adjoint&nbsp;: Guillaume LAURENT<br><br>Relations TSV&nbsp;: Guillaume LAURENT<br><br>Partenariat :&nbsp;Paul TOURNAUX<\/p>\n\n\n\n<p>Communication : Antoine GOGNEAUX<br><br>Membre\u00a0: Lisa DE SOUSA FERREIRA<br>Membre : Jean-Claude RACHEZ<\/p>\n","protected":false},"excerpt":{"rendered":"<p>Pr\u00e9sident&nbsp;: Jean-Claude GOGNEAUXVice-Pr\u00e9sident&nbsp;: Pascal BROY Secr\u00e9taire&nbsp;: C\u00e9dric LECLERCQSecr\u00e9taire Adjoint&nbsp;: Jo\u00ebl MATUSAZK Tr\u00e9sorier&nbsp;: Rudy VANHAECKETr\u00e9sorier-Adjoint&nbsp;: Guillaume LAURENT Relations TSV&nbsp;: Guillaume LAURENT Partenariat :&nbsp;Paul TOURNAUX Communication : Antoine GOGNEAUX Membre\u00a0: Lisa DE SOUSA FERREIRAMembre : Jean-Claude RACHEZ<\/p>\n","protected":false},"author":1,"featured_media":0,"parent":0,"menu_order":0,"comment_status":"closed","ping_status":"closed","template":"","meta":{"_lmt_disableupdate":"","_lmt_disable":"","footnotes":""},"class_list":["post-55","page","type-page","status-publish","hentry"],"jetpack_sharing_enabled":true,"_links":{"self":[{"href":"https:\/\/closwahagnies-handball.fr\/index.php?rest_route=\/wp\/v2\/pages\/55","targetHints":{"allow":["GET"]}}],"collection":[{"href":"https:\/\/closwahagnies-handball.fr\/index.php?rest_route=\/wp\/v2\/pages"}],"about":[{"href":"https:\/\/closwahagnies-handball.fr\/index.php?rest_route=\/wp\/v2\/types\/page"}],"author":[{"embeddable":true,"href":"https:\/\/closwahagnies-handball.fr\/index.php?rest_route=\/wp\/v2\/users\/1"}],"replies":[{"embeddable":true,"href":"https:\/\/closwahagnies-handball.fr\/index.php?rest_route=%2Fwp%2Fv2%2Fcomments&post=55"}],"version-history":[{"count":4,"href":"https:\/\/closwahagnies-handball.fr\/index.php?rest_route=\/wp\/v2\/pages\/55\/revisions"}],"predecessor-version":[{"id":412,"href":"https:\/\/closwahagnies-handball.fr\/index.php?rest_route=\/wp\/v2\/pages\/55\/revisions\/412"}],"wp:attachment":[{"href":"https:\/\/closwahagnies-handball.fr\/index.php?rest_route=%2Fwp%2Fv2%2Fmedia&parent=55"}],"curies":[{"name":"wp","href":"https:\/\/api.w.org\/{rel}","templated":true}]}}